{"id":965,"date":"2021-05-31T11:19:31","date_gmt":"2021-05-31T09:19:31","guid":{"rendered":"https:\/\/www.libertebko.org\/?page_id=965"},"modified":"2021-06-01T22:44:39","modified_gmt":"2021-06-01T20:44:39","slug":"appels-doffres-2","status":"publish","type":"page","link":"https:\/\/www.libertebko.org\/?page_id=965","title":{"rendered":"Appels d&rsquo;offres"},"content":{"rendered":"\n<p>L&rsquo;\u00e9tablissement Libert\u00e9 est r\u00e9guli\u00e8rement \u00e0 la recherche de collaborateurs, de fournisseurs, de prestataires pour tout un ensemble de services.<\/p>\n\n\n\n<hr class=\"wp-block-separator\"\/>\n\n\n\n<div class=\"wp-block-buttons is-content-justification-center is-layout-flex wp-block-buttons-is-layout-flex\">\n<div class=\"wp-block-button\"><a class=\"wp-block-button__link\" href=\"https:\/\/www.libertebko.org\/?cat=9\" target=\"_blank\" rel=\"noreferrer noopener\">Cliquez ici pour consulter les appels d&rsquo;offres en cours<\/a><\/div>\n<\/div>\n\n\n\n<p><\/p>\n","protected":false},"excerpt":{"rendered":"<p>L&rsquo;\u00e9tablissement Libert\u00e9 est r\u00e9guli\u00e8rement \u00e0 la recherche de collaborateurs, de fournisseurs, de prestataires pour tout un ensemble de services.<\/p>\n","protected":false},"author":1,"featured_media":0,"parent":0,"menu_order":0,"comment_status":"closed","ping_status":"closed","template":"","meta":{"footnotes":""},"class_list":["post-965","page","type-page","status-publish","hentry"],"_links":{"self":[{"href":"https:\/\/www.libertebko.org\/index.php?rest_route=\/wp\/v2\/pages\/965","targetHints":{"allow":["GET"]}}],"collection":[{"href":"https:\/\/www.libertebko.org\/index.php?rest_route=\/wp\/v2\/pages"}],"about":[{"href":"https:\/\/www.libertebko.org\/index.php?rest_route=\/wp\/v2\/types\/page"}],"author":[{"embeddable":true,"href":"https:\/\/www.libertebko.org\/index.php?rest_route=\/wp\/v2\/users\/1"}],"replies":[{"embeddable":true,"href":"https:\/\/www.libertebko.org\/index.php?rest_route=%2Fwp%2Fv2%2Fcomments&post=965"}],"version-history":[{"count":3,"href":"https:\/\/www.libertebko.org\/index.php?rest_route=\/wp\/v2\/pages\/965\/revisions"}],"predecessor-version":[{"id":1335,"href":"https:\/\/www.libertebko.org\/index.php?rest_route=\/wp\/v2\/pages\/965\/revisions\/1335"}],"wp:attachment":[{"href":"https:\/\/www.libertebko.org\/index.php?rest_route=%2Fwp%2Fv2%2Fmedia&parent=965"}],"curies":[{"name":"wp","href":"https:\/\/api.w.org\/{rel}","templated":true}]}}