{"id":951,"date":"2023-05-31T09:40:32","date_gmt":"2023-05-31T07:40:32","guid":{"rendered":"https:\/\/www.libertebko.org\/?page_id=951"},"modified":"2026-01-19T13:19:03","modified_gmt":"2026-01-19T12:19:03","slug":"poste-denseignants-en-contrat-local-rentree-2021","status":"publish","type":"page","link":"https:\/\/www.libertebko.org\/?page_id=951","title":{"rendered":"POSTE D&rsquo;ENSEIGNANTS EN CONTRAT LOCAL"},"content":{"rendered":"\n<p>Le lyc\u00e9e LIBERTE de Bamako (MALI), \u00e9tablissement scolaire de 1340 \u00e9l\u00e8ves de la petite section \u00e0 la Terminale, conventionn\u00e9 avec l\u2019Agence pour l\u2019Enseignement Fran\u00e7ais \u00e0 l\u2019Etranger (AEFE), recrute des enseignants sur des postes vacants en contrat local.<\/p>\n\n\n\n<hr class=\"wp-block-separator has-alpha-channel-opacity\"\/>\n\n\n\n<p class=\"has-text-align-center has-vivid-red-background-color has-background has-medium-font-size\">ATTENTION :<\/p>\n\n\n\n<p class=\"has-text-align-center has-vivid-red-background-color has-background has-medium-font-size\"> Le recrutement des postes \u00e0 pourvoir en contrat local est d\u00e9sormais g\u00e9r\u00e9 via la plateforme Talents.aefe.fr. <strong>Merci de vous r\u00e9f\u00e9rer \u00e0 ce site internet pour consulter les offres d&#8217;emplois en contrat local et postuler. <\/strong><\/p>\n\n\n\n<p class=\"has-text-align-center has-vivid-red-background-color has-background has-medium-font-size\">LES CANDIDATURES ENVOYEES PAR MAIL NE SERONT PAS PRISES EN COMPTE ! IL FAUT POSTULER OBLIGATOIREMENT VIA LA PLATEFORME!<\/p>\n\n\n\n<p><\/p>\n\n\n\n<div class=\"wp-block-buttons is-content-justification-center is-layout-flex wp-container-core-buttons-is-layout-16018d1d wp-block-buttons-is-layout-flex\">\n<div class=\"wp-block-button has-custom-width wp-block-button__width-75 has-custom-font-size has-medium-font-size\"><a class=\"wp-block-button__link wp-element-button\" href=\"https:\/\/talents.aefe.fr\/fr\/annonces\" target=\"_blank\" rel=\"noreferrer noopener\">Pour postuler, CLIQUEZ-ICI <\/a><\/div>\n<\/div>\n\n\n\n<h1 class=\"has-text-align-center has-pale-cyan-blue-background-color has-background wp-block-heading\">Postes \u00e0 pourvoir pour l&rsquo;ann\u00e9e 2025-2026: <\/h1>\n\n\n\n<figure class=\"wp-block-table has-medium-font-size\"><table class=\"has-luminous-vivid-amber-background-color has-background\"><tbody><tr><td><\/td><td><strong>Date de prise de fonction<\/strong> <\/td><\/tr><tr><td>Professeur documentaliste<\/td><td>Imm\u00e9diatement<\/td><\/tr><tr><td><\/td><td>Septembre 2026<\/td><\/tr><tr><td>Professeurs d&rsquo;EPS <\/td><td><\/td><\/tr><\/tbody><\/table><\/figure>\n\n\n\n<hr class=\"wp-block-separator has-alpha-channel-opacity\"\/>\n\n\n\n<div class=\"wp-block-group\"><div class=\"wp-block-group__inner-container is-layout-constrained wp-block-group-is-layout-constrained\">\n<h1 class=\"has-text-align-center has-black-color has-vivid-cyan-blue-background-color has-text-color has-background wp-block-heading\">Comment postuler? <\/h1>\n\n\n\n<h2 class=\"wp-block-heading\">Nouvelle proc\u00e9dure via la plateforme talents.aefe<strong> :<\/strong><\/h2>\n\n\n\n<p class=\"has-black-color has-text-color has-medium-font-size\"><strong>Etape 1: Rendez-vous d\u00e8s \u00e0 pr\u00e9sent sur la page de : <a rel=\"noreferrer noopener\" href=\"https:\/\/talents.aefe.fr\/fr\/annonces\" target=\"_blank\">https:\/\/talents.aefe.fr\/fr\/annonces<\/a>. Recherchez via la barre de recherche \u00ab\u00a0Bamako, Mali\u00a0\u00bb et s\u00e9lectionnez l&rsquo;offre qui vous int\u00e9resse. <\/strong><\/p>\n\n\n\n<figure class=\"wp-block-image size-large\"><img loading=\"lazy\" decoding=\"async\" width=\"1024\" height=\"523\" src=\"https:\/\/www.libertebko.org\/wp-content\/uploads\/2025\/02\/Capture-decran-2025-02-05-a-04.46.47-1024x523.png\" alt=\"\" class=\"wp-image-6890\" srcset=\"https:\/\/www.libertebko.org\/wp-content\/uploads\/2025\/02\/Capture-decran-2025-02-05-a-04.46.47-1024x523.png 1024w, https:\/\/www.libertebko.org\/wp-content\/uploads\/2025\/02\/Capture-decran-2025-02-05-a-04.46.47-300x153.png 300w, https:\/\/www.libertebko.org\/wp-content\/uploads\/2025\/02\/Capture-decran-2025-02-05-a-04.46.47-768x392.png 768w, https:\/\/www.libertebko.org\/wp-content\/uploads\/2025\/02\/Capture-decran-2025-02-05-a-04.46.47.png 1390w\" sizes=\"auto, (max-width: 1024px) 100vw, 1024px\" \/><\/figure>\n\n\n\n<p class=\"has-medium-font-size\">Etape 2: <strong>T\u00e9l\u00e9chargez votre Curriculum vitae, et remplissez les informations manquantes. <\/strong><\/p>\n\n\n\n<figure class=\"wp-block-image size-full\"><img loading=\"lazy\" decoding=\"async\" width=\"812\" height=\"504\" src=\"https:\/\/www.libertebko.org\/wp-content\/uploads\/2025\/02\/Capture-decran-2025-02-05-a-04.52.49.png\" alt=\"\" class=\"wp-image-6891\" srcset=\"https:\/\/www.libertebko.org\/wp-content\/uploads\/2025\/02\/Capture-decran-2025-02-05-a-04.52.49.png 812w, https:\/\/www.libertebko.org\/wp-content\/uploads\/2025\/02\/Capture-decran-2025-02-05-a-04.52.49-300x186.png 300w, https:\/\/www.libertebko.org\/wp-content\/uploads\/2025\/02\/Capture-decran-2025-02-05-a-04.52.49-768x477.png 768w\" sizes=\"auto, (max-width: 812px) 100vw, 812px\" \/><\/figure>\n\n\n\n<p class=\"has-medium-font-size\"><strong>Etape 3: Laissez vous guider et t\u00e9l\u00e9chargez les documents n\u00e9cessaires. N&rsquo;oubliez pas de valider votre candidature. <\/strong><\/p>\n\n\n\n<p>Attention : Aucune candidature ne sera retenue par mail. Merci de passer exclusivement par la plateforme. <\/p>\n\n\n\n<p><\/p>\n\n\n\n<p class=\"has-medium-font-size\"><strong>Liste des pi\u00e8ces \u00e0 fournir pour postuler : <\/strong><\/p>\n\n\n\n<p class=\"has-text-align-center has-medium-font-size\">&#8211; Lettre de motivation adress\u00e9e \u00e0 M. le Proviseur de l\u2019Etablissement Libert\u00e9 et \u00e0 M. le Pr\u00e9sident de l\u2019Association des Parents d\u2019El\u00e8ves<br>&#8211; Un curriculum vitae<br>&#8211; La photocopie des dipl\u00f4mes (originaux \u00e0 produire si recrutement)<br>&#8211; Les certificats de travail<br>&#8211; Pour les titulaires de l\u2019Education Nationale : \u00e9l\u00e9ments de la situation administrative (\u00e9chelon, arr\u00eat\u00e9 de titularisation, note p\u00e9dagogique)<br>&#8211; La photocopie de la pi\u00e8ce d\u2019identit\u00e9<\/p>\n<\/div><\/div>\n","protected":false},"excerpt":{"rendered":"<p>Le lyc\u00e9e LIBERTE de Bamako (MALI), \u00e9tablissement scolaire de 1340 \u00e9l\u00e8ves de la petite section \u00e0 la Terminale, conventionn\u00e9 avec l\u2019Agence pour l\u2019Enseignement Fran\u00e7ais \u00e0 l\u2019Etranger (AEFE), recrute des enseignants sur des postes vacants en contrat local. ATTENTION : Le recrutement des postes \u00e0 pourvoir en contrat local est d\u00e9sormais g\u00e9r\u00e9 via la plateforme Talents.aefe.fr. [&hellip;]<\/p>\n","protected":false},"author":1,"featured_media":0,"parent":0,"menu_order":0,"comment_status":"closed","ping_status":"closed","template":"","meta":{"footnotes":""},"class_list":["post-951","page","type-page","status-publish","hentry"],"_links":{"self":[{"href":"https:\/\/www.libertebko.org\/index.php?rest_route=\/wp\/v2\/pages\/951","targetHints":{"allow":["GET"]}}],"collection":[{"href":"https:\/\/www.libertebko.org\/index.php?rest_route=\/wp\/v2\/pages"}],"about":[{"href":"https:\/\/www.libertebko.org\/index.php?rest_route=\/wp\/v2\/types\/page"}],"author":[{"embeddable":true,"href":"https:\/\/www.libertebko.org\/index.php?rest_route=\/wp\/v2\/users\/1"}],"replies":[{"embeddable":true,"href":"https:\/\/www.libertebko.org\/index.php?rest_route=%2Fwp%2Fv2%2Fcomments&post=951"}],"version-history":[{"count":177,"href":"https:\/\/www.libertebko.org\/index.php?rest_route=\/wp\/v2\/pages\/951\/revisions"}],"predecessor-version":[{"id":7203,"href":"https:\/\/www.libertebko.org\/index.php?rest_route=\/wp\/v2\/pages\/951\/revisions\/7203"}],"wp:attachment":[{"href":"https:\/\/www.libertebko.org\/index.php?rest_route=%2Fwp%2Fv2%2Fmedia&parent=951"}],"curies":[{"name":"wp","href":"https:\/\/api.w.org\/{rel}","templated":true}]}}

<p>Le lycée LIBERTE de Bamako (MALI), établissement scolaire de 1340 élèves de la petite section à la Terminale, conventionné avec l’Agence pour l’Enseignement Français à l’Etranger (AEFE), recrute des enseignants sur des postes vacants en contrat local.</p>



<hr class="wp-block-separator has-alpha-channel-opacity"/>



<p class="has-text-align-center has-vivid-red-background-color has-background has-medium-font-size">ATTENTION :</p>



<p class="has-text-align-center has-vivid-red-background-color has-background has-medium-font-size"> Le recrutement des postes à pourvoir en contrat local est désormais géré via la plateforme Talents.aefe.fr. <strong>Merci de vous référer à ce site internet pour consulter les offres d&#8217;emplois en contrat local et postuler. </strong></p>



<p class="has-text-align-center has-vivid-red-background-color has-background has-medium-font-size">LES CANDIDATURES ENVOYEES PAR MAIL NE SERONT PAS PRISES EN COMPTE ! IL FAUT POSTULER OBLIGATOIREMENT VIA LA PLATEFORME!</p>



<p></p>



<div class="wp-block-buttons is-content-justification-center is-layout-flex wp-container-core-buttons-is-layout-16018d1d wp-block-buttons-is-layout-flex">
<div class="wp-block-button has-custom-width wp-block-button__width-75 has-custom-font-size has-medium-font-size"><a class="wp-block-button__link wp-element-button" href="https://talents.aefe.fr/fr/annonces" target="_blank" rel="noreferrer noopener">Pour postuler, CLIQUEZ-ICI </a></div>
</div>



<h1 class="has-text-align-center has-pale-cyan-blue-background-color has-background wp-block-heading">Postes à pourvoir pour l&rsquo;année 2025-2026: </h1>



<figure class="wp-block-table has-medium-font-size"><table class="has-luminous-vivid-amber-background-color has-background"><tbody><tr><td></td><td><strong>Date de prise de fonction</strong> </td></tr><tr><td>Professeur documentaliste</td><td>Immédiatement</td></tr><tr><td></td><td>Septembre 2026</td></tr><tr><td>Professeurs d&rsquo;EPS </td><td></td></tr></tbody></table></figure>



<hr class="wp-block-separator has-alpha-channel-opacity"/>



<div class="wp-block-group"><div class="wp-block-group__inner-container is-layout-constrained wp-block-group-is-layout-constrained">
<h1 class="has-text-align-center has-black-color has-vivid-cyan-blue-background-color has-text-color has-background wp-block-heading">Comment postuler? </h1>



<h2 class="wp-block-heading">Nouvelle procédure via la plateforme talents.aefe<strong> :</strong></h2>



<p class="has-black-color has-text-color has-medium-font-size"><strong>Etape 1: Rendez-vous dès à présent sur la page de : <a rel="noreferrer noopener" href="https://talents.aefe.fr/fr/annonces" target="_blank">https://talents.aefe.fr/fr/annonces</a>. Recherchez via la barre de recherche « Bamako, Mali » et sélectionnez l&rsquo;offre qui vous intéresse. </strong></p>



<figure class="wp-block-image size-large"><img loading="lazy" decoding="async" width="1024" height="523" src="https://www.libertebko.org/wp-content/uploads/2025/02/Capture-decran-2025-02-05-a-04.46.47-1024x523.png" alt="" class="wp-image-6890" srcset="https://www.libertebko.org/wp-content/uploads/2025/02/Capture-decran-2025-02-05-a-04.46.47-1024x523.png 1024w, https://www.libertebko.org/wp-content/uploads/2025/02/Capture-decran-2025-02-05-a-04.46.47-300x153.png 300w, https://www.libertebko.org/wp-content/uploads/2025/02/Capture-decran-2025-02-05-a-04.46.47-768x392.png 768w, https://www.libertebko.org/wp-content/uploads/2025/02/Capture-decran-2025-02-05-a-04.46.47.png 1390w" sizes="auto, (max-width: 1024px) 100vw, 1024px" /></figure>



<p class="has-medium-font-size">Etape 2: <strong>Téléchargez votre Curriculum vitae, et remplissez les informations manquantes. </strong></p>



<figure class="wp-block-image size-full"><img loading="lazy" decoding="async" width="812" height="504" src="https://www.libertebko.org/wp-content/uploads/2025/02/Capture-decran-2025-02-05-a-04.52.49.png" alt="" class="wp-image-6891" srcset="https://www.libertebko.org/wp-content/uploads/2025/02/Capture-decran-2025-02-05-a-04.52.49.png 812w, https://www.libertebko.org/wp-content/uploads/2025/02/Capture-decran-2025-02-05-a-04.52.49-300x186.png 300w, https://www.libertebko.org/wp-content/uploads/2025/02/Capture-decran-2025-02-05-a-04.52.49-768x477.png 768w" sizes="auto, (max-width: 812px) 100vw, 812px" /></figure>



<p class="has-medium-font-size"><strong>Etape 3: Laissez vous guider et téléchargez les documents nécessaires. N&rsquo;oubliez pas de valider votre candidature. </strong></p>



<p>Attention : Aucune candidature ne sera retenue par mail. Merci de passer exclusivement par la plateforme. </p>



<p></p>



<p class="has-medium-font-size"><strong>Liste des pièces à fournir pour postuler : </strong></p>



<p class="has-text-align-center has-medium-font-size">&#8211; Lettre de motivation adressée à M. le Proviseur de l’Etablissement Liberté et à M. le Président de l’Association des Parents d’Elèves<br>&#8211; Un curriculum vitae<br>&#8211; La photocopie des diplômes (originaux à produire si recrutement)<br>&#8211; Les certificats de travail<br>&#8211; Pour les titulaires de l’Education Nationale : éléments de la situation administrative (échelon, arrêté de titularisation, note pédagogique)<br>&#8211; La photocopie de la pièce d’identité</p>
</div></div>

<p>Le lycée LIBERTE de Bamako (MALI), établissement scolaire de 1340 élèves de la petite section à la Terminale, conventionné avec l’Agence pour l’Enseignement Français à l’Etranger (AEFE), recrute des enseignants sur des postes vacants en contrat local. ATTENTION : Le recrutement des postes à pourvoir en contrat local est désormais géré via la plateforme Talents.aefe.fr. [&hellip;]</p>
