{"id":946,"date":"2021-02-15T11:04:00","date_gmt":"2021-02-15T10:04:00","guid":{"rendered":"https:\/\/www.libertebko.org\/?page_id=946"},"modified":"2025-11-05T10:57:38","modified_gmt":"2025-11-05T09:57:38","slug":"offres-demploi-sous-statut-resident","status":"publish","type":"page","link":"https:\/\/www.libertebko.org\/?page_id=946","title":{"rendered":"Offres d&#8217;emploi de professeurs d\u00e9tach\u00e9s"},"content":{"rendered":"\n<h2 class=\"has-text-align-center has-luminous-vivid-amber-background-color has-background wp-block-heading\"><strong>RECRUTEMENT DE PROFESSEURS D\u00c9TACH\u00c9S RENTR\u00c9E 202<\/strong>5<\/h2>\n\n\n\n<p><br>L\u2019\u00e9tablissement LIBERTE de Bamako (MALI), \u00e9tablissement scolaire de 1375 \u00e9l\u00e8ves du CP \u00e0 la Terminale, conventionn\u00e9 avec l\u2019Agence pour l\u2019Enseignement Fran\u00e7ais \u00e0 l\u2019Etranger (AEFE), recrute \u00e0 compter du 1er septembre 2026 des enseignants titulaires de l\u2019Education Nationale en France, sur des postes vacants de d\u00e9tach\u00e9s.<\/p>\n\n\n\n<hr class=\"wp-block-separator has-alpha-channel-opacity\"\/>\n\n\n\n<h2 class=\"has-text-align-center has-pale-cyan-blue-background-color has-background wp-block-heading\"><strong>Postes vacants ou susceptibles d\u2019\u00eatre vacants \u00e0 la rentr\u00e9e 2026 :<\/strong><\/h2>\n\n\n\n<figure class=\"wp-block-table has-medium-font-size\"><table class=\"has-luminous-vivid-amber-background-color has-background\"><tbody><tr><td><\/td><td><strong>Date de prise de fonction<\/strong> <\/td><\/tr><tr><td>Professeur documentaliste<\/td><td>Imm\u00e9diatement<\/td><\/tr><tr><td><\/td><td>Septembre 2026<\/td><\/tr><tr><td>Professeurs d&rsquo;EPS <\/td><td><\/td><\/tr><\/tbody><\/table><\/figure>\n\n\n\n<p class=\"has-text-align-center\"><strong>Conditions requises :<\/strong><br>Etre titulaire de l\u2019Education nationale en France et avoir exerc\u00e9 au moins 1 an comme titulaire.<br>Etre au minimum dans sa 3\u00e8me ann\u00e9e pour les candidats d\u00e9j\u00e0 en poste dans le r\u00e9seau.<\/p>\n\n\n\n<hr class=\"wp-block-separator has-alpha-channel-opacity\"\/>\n\n\n\n<h2 class=\"has-text-align-center wp-block-heading\"><br>Le dossier de candidature, accompagn\u00e9 des pi\u00e8ces justificatives, est \u00e0 envoyer \u00e0 l\u2019adresse suivante :<\/h2>\n\n\n\n<h2 class=\"has-text-align-center has-vivid-cyan-blue-color has-white-background-color has-text-color has-background wp-block-heading\"><br><strong><a rel=\"noreferrer noopener\" href=\"mailto:jeanpierre.redjekra@aefe.fr\" target=\"_blank\">jeanpierre.redjekra@aefe.fr<\/a><\/strong><\/h2>\n\n\n\n<p class=\"has-text-align-center has-vivid-red-background-color has-background\"><strong>Date limite de candidature : 7 f\u00e9vrier 2025<\/strong><\/p>\n\n\n\n<hr class=\"wp-block-separator has-alpha-channel-opacity\"\/>\n\n\n\n<h2 class=\"wp-block-heading\">Documents \u00e0 t\u00e9l\u00e9charger: <\/h2>\n\n\n\n<div class=\"wp-block-group\"><div class=\"wp-block-group__inner-container is-layout-constrained wp-block-group-is-layout-constrained\">\n<div class=\"wp-block-buttons is-content-justification-center is-layout-flex wp-container-core-buttons-is-layout-16018d1d wp-block-buttons-is-layout-flex\">\n<div class=\"wp-block-button has-custom-width wp-block-button__width-100 is-style-fill\"><a class=\"wp-block-button__link has-vivid-cyan-blue-background-color has-background wp-element-button\" href=\"https:\/\/www.libertebko.org\/wp-content\/uploads\/2025\/01\/DOSSIER-DE-CANDIDATURE-POSTE-DE-DETACHES.pdf\" target=\"_blank\" rel=\"noreferrer noopener\"><strong>Dossier de candidature<\/strong><\/a><\/div>\n\n\n\n<div class=\"wp-block-button has-custom-width wp-block-button__width-100 is-style-fill\"><a class=\"wp-block-button__link has-vivid-cyan-blue-background-color has-background wp-element-button\" href=\"https:\/\/www.libertebko.org\/wp-content\/uploads\/2025\/01\/INFORMATIONS-SUR-LES-CONDITIONS-DE-VIE-ET-DACCUEIL-A-BAMAKO.pdf\" target=\"_blank\" rel=\"noreferrer noopener\"><strong>Informations sur les conditions de vie et d&rsquo;accueil \u00e0 Bamako<\/strong><\/a><\/div>\n\n\n\n<div class=\"wp-block-button has-custom-width wp-block-button__width-100\"><a class=\"wp-block-button__link has-vivid-cyan-blue-background-color has-background wp-element-button\" href=\"https:\/\/www.libertebko.org\/wp-content\/uploads\/2025\/01\/2024-12-19-note-information-candidats-detaches-cat3-2025.pdf\" target=\"_blank\" rel=\"noreferrer noopener\"><strong>Note d&rsquo;information de L&rsquo;AEFE<\/strong><\/a><\/div>\n<\/div>\n<\/div><\/div>\n","protected":false},"excerpt":{"rendered":"<p>RECRUTEMENT DE PROFESSEURS D\u00c9TACH\u00c9S RENTR\u00c9E 2025 L\u2019\u00e9tablissement LIBERTE de Bamako (MALI), \u00e9tablissement scolaire de 1375 \u00e9l\u00e8ves du CP \u00e0 la Terminale, conventionn\u00e9 avec l\u2019Agence pour l\u2019Enseignement Fran\u00e7ais \u00e0 l\u2019Etranger (AEFE), recrute \u00e0 compter du 1er septembre 2026 des enseignants titulaires de l\u2019Education Nationale en France, sur des postes vacants de d\u00e9tach\u00e9s. Postes vacants ou susceptibles [&hellip;]<\/p>\n","protected":false},"author":1,"featured_media":0,"parent":0,"menu_order":0,"comment_status":"closed","ping_status":"closed","template":"","meta":{"footnotes":""},"class_list":["post-946","page","type-page","status-publish","hentry"],"_links":{"self":[{"href":"https:\/\/www.libertebko.org\/index.php?rest_route=\/wp\/v2\/pages\/946","targetHints":{"allow":["GET"]}}],"collection":[{"href":"https:\/\/www.libertebko.org\/index.php?rest_route=\/wp\/v2\/pages"}],"about":[{"href":"https:\/\/www.libertebko.org\/index.php?rest_route=\/wp\/v2\/types\/page"}],"author":[{"embeddable":true,"href":"https:\/\/www.libertebko.org\/index.php?rest_route=\/wp\/v2\/users\/1"}],"replies":[{"embeddable":true,"href":"https:\/\/www.libertebko.org\/index.php?rest_route=%2Fwp%2Fv2%2Fcomments&post=946"}],"version-history":[{"count":73,"href":"https:\/\/www.libertebko.org\/index.php?rest_route=\/wp\/v2\/pages\/946\/revisions"}],"predecessor-version":[{"id":7348,"href":"https:\/\/www.libertebko.org\/index.php?rest_route=\/wp\/v2\/pages\/946\/revisions\/7348"}],"wp:attachment":[{"href":"https:\/\/www.libertebko.org\/index.php?rest_route=%2Fwp%2Fv2%2Fmedia&parent=946"}],"curies":[{"name":"wp","href":"https:\/\/api.w.org\/{rel}","templated":true}]}}

Offres d&#8217;emploi de professeurs détachés

<h2 class="has-text-align-center has-luminous-vivid-amber-background-color has-background wp-block-heading"><strong>RECRUTEMENT DE PROFESSEURS DÉTACHÉS RENTRÉE 202</strong>5</h2>



<p><br>L’établissement LIBERTE de Bamako (MALI), établissement scolaire de 1375 élèves du CP à la Terminale, conventionné avec l’Agence pour l’Enseignement Français à l’Etranger (AEFE), recrute à compter du 1er septembre 2026 des enseignants titulaires de l’Education Nationale en France, sur des postes vacants de détachés.</p>



<hr class="wp-block-separator has-alpha-channel-opacity"/>



<h2 class="has-text-align-center has-pale-cyan-blue-background-color has-background wp-block-heading"><strong>Postes vacants ou susceptibles d’être vacants à la rentrée 2026 :</strong></h2>



<figure class="wp-block-table has-medium-font-size"><table class="has-luminous-vivid-amber-background-color has-background"><tbody><tr><td></td><td><strong>Date de prise de fonction</strong> </td></tr><tr><td>Professeur documentaliste</td><td>Immédiatement</td></tr><tr><td></td><td>Septembre 2026</td></tr><tr><td>Professeurs d&rsquo;EPS </td><td></td></tr></tbody></table></figure>



<p class="has-text-align-center"><strong>Conditions requises :</strong><br>Etre titulaire de l’Education nationale en France et avoir exercé au moins 1 an comme titulaire.<br>Etre au minimum dans sa 3ème année pour les candidats déjà en poste dans le réseau.</p>



<hr class="wp-block-separator has-alpha-channel-opacity"/>



<h2 class="has-text-align-center wp-block-heading"><br>Le dossier de candidature, accompagné des pièces justificatives, est à envoyer à l’adresse suivante :</h2>



<h2 class="has-text-align-center has-vivid-cyan-blue-color has-white-background-color has-text-color has-background wp-block-heading"><br><strong><a rel="noreferrer noopener" href="mailto:jeanpierre.redjekra@aefe.fr" target="_blank">jeanpierre.redjekra@aefe.fr</a></strong></h2>



<p class="has-text-align-center has-vivid-red-background-color has-background"><strong>Date limite de candidature : 7 février 2025</strong></p>



<hr class="wp-block-separator has-alpha-channel-opacity"/>



<h2 class="wp-block-heading">Documents à télécharger: </h2>



<div class="wp-block-group"><div class="wp-block-group__inner-container is-layout-constrained wp-block-group-is-layout-constrained">
<div class="wp-block-buttons is-content-justification-center is-layout-flex wp-container-core-buttons-is-layout-16018d1d wp-block-buttons-is-layout-flex">
<div class="wp-block-button has-custom-width wp-block-button__width-100 is-style-fill"><a class="wp-block-button__link has-vivid-cyan-blue-background-color has-background wp-element-button" href="https://www.libertebko.org/wp-content/uploads/2025/01/DOSSIER-DE-CANDIDATURE-POSTE-DE-DETACHES.pdf" target="_blank" rel="noreferrer noopener"><strong>Dossier de candidature</strong></a></div>



<div class="wp-block-button has-custom-width wp-block-button__width-100 is-style-fill"><a class="wp-block-button__link has-vivid-cyan-blue-background-color has-background wp-element-button" href="https://www.libertebko.org/wp-content/uploads/2025/01/INFORMATIONS-SUR-LES-CONDITIONS-DE-VIE-ET-DACCUEIL-A-BAMAKO.pdf" target="_blank" rel="noreferrer noopener"><strong>Informations sur les conditions de vie et d&rsquo;accueil à Bamako</strong></a></div>



<div class="wp-block-button has-custom-width wp-block-button__width-100"><a class="wp-block-button__link has-vivid-cyan-blue-background-color has-background wp-element-button" href="https://www.libertebko.org/wp-content/uploads/2025/01/2024-12-19-note-information-candidats-detaches-cat3-2025.pdf" target="_blank" rel="noreferrer noopener"><strong>Note d&rsquo;information de L&rsquo;AEFE</strong></a></div>
</div>
</div></div>

<p>RECRUTEMENT DE PROFESSEURS DÉTACHÉS RENTRÉE 2025 L’établissement LIBERTE de Bamako (MALI), établissement scolaire de 1375 élèves du CP à la Terminale, conventionné avec l’Agence pour l’Enseignement Français à l’Etranger (AEFE), recrute à compter du 1er septembre 2026 des enseignants titulaires de l’Education Nationale en France, sur des postes vacants de détachés. Postes vacants ou susceptibles [&hellip;]</p>
