{"id":910,"date":"2021-05-30T21:10:27","date_gmt":"2021-05-30T19:10:27","guid":{"rendered":"https:\/\/www.libertebko.org\/?page_id=910"},"modified":"2021-06-01T22:30:04","modified_gmt":"2021-06-01T20:30:04","slug":"910-2","status":"publish","type":"page","link":"https:\/\/www.libertebko.org\/?page_id=910","title":{"rendered":"Statut de l&rsquo;APEEL"},"content":{"rendered":"\n<div class=\"wp-block-image\"><figure class=\"aligncenter size-large\"><img loading=\"lazy\" decoding=\"async\" width=\"313\" height=\"313\" src=\"https:\/\/www.libertebko.org\/wp-content\/uploads\/2021\/06\/logo-APEEL.png\" alt=\"\" class=\"wp-image-1324\" srcset=\"https:\/\/www.libertebko.org\/wp-content\/uploads\/2021\/06\/logo-APEEL.png 313w, https:\/\/www.libertebko.org\/wp-content\/uploads\/2021\/06\/logo-APEEL-300x300.png 300w, https:\/\/www.libertebko.org\/wp-content\/uploads\/2021\/06\/logo-APEEL-150x150.png 150w\" sizes=\"auto, (max-width: 313px) 100vw, 313px\" \/><\/figure><\/div>\n\n\n\n<p><strong>Pr\u00e9sentation et statut de l\u2019APEEL<\/strong><\/p>\n\n\n\n<p>L&rsquo;\u00c9tablissement Libert\u00e9 de Bamako est conventionn\u00e9 par l&rsquo;\u00c9tat fran\u00e7ais, \u00e0 ce titre il est g\u00e9r\u00e9 par une association de parents d&rsquo;\u00e9l\u00e8ves. Son partenaire principal est l&rsquo;Agence pour l&rsquo;Enseignement Fran\u00e7ais \u00e0 l\u2018\u00c9tranger (AEFE).<br><br>Il y a trois cat\u00e9gories de personnel au sein de l&rsquo;\u00c9tablissement Libert\u00e9 : les expatri\u00e9s (personnels de direction et enseignants), les r\u00e9sidents (enseignants) et les recrut\u00e9s locaux. Ces derniers sont g\u00e9r\u00e9s par l&rsquo;Association des Parents d&rsquo;\u00c9l\u00e8ves de l&rsquo;\u00c9tablissement Libert\u00e9-APEEL : ils repr\u00e9sentent 65% des ressources humaines de l&rsquo;Etablissement : enseignants, personnel administratif, technique, de service, et de sant\u00e9, personnel d&rsquo;\u00e9ducation.<br><br>Le r\u00f4le de l&rsquo;APEEL consiste \u00e0 assurer la gestion de l&rsquo;\u00c9tablissement, \u00e0 d\u00e9fendre les int\u00e9r\u00eats moraux et mat\u00e9riels des \u00e9l\u00e8ves, \u00e0 garantir le respect des principes r\u00e9gissant l&rsquo;enseignement public fran\u00e7ais et la liaison entre les diff\u00e9rents partenaires de la vie de l&rsquo;\u00e9tablissement, \u00e0 promouvoir tout organisme p\u00e9ri scolaire \u00e0 caract\u00e8re \u00e9ducatif, culturel ou sportif.<br><br>Selon les statuts, le bureau est compos\u00e9 de 12 membres b\u00e9n\u00e9voles \u00e9lus par les parents pour un mandat de 2 ans, renouvelable 2 fois.<br>Le bureau travaille en \u00e9troite collaboration avec l&rsquo;\u00e9quipe de Direction.&nbsp;Le bureau de l&rsquo;APEEL comprend les fonctions suivantes : Pr\u00e9sident, Vice Pr\u00e9sident, Tr\u00e9sorier, Tr\u00e9sorier Adjoint, Secr\u00e9taire.<br><br>Il est organis\u00e9 en 4 commissions :<br>\u2022 Budget et financement<br>\u2022 Investissements et projets<br>\u2022 Communication, S\u00e9curit\u00e9, Hygi\u00e8ne et environnement<br>\u2022 Ressources Humaines, Juridique<br><br>Depuis 2007, l&rsquo;APEEL a cr\u00e9e un poste salari\u00e9 qui lui est propre, celui de secr\u00e9taire g\u00e9n\u00e9ral : recrut\u00e9 localement par l&rsquo;APEEL, ses missions consistent \u00e0 prendre en charge la vie juridique de l&rsquo;association, pr\u00e9parer les dossiers relatifs aux diverses r\u00e9unions, suivre la mise en \u0153uvre des d\u00e9cisions d&rsquo;investissement, g\u00e9rer les ressources humaines, assurer la communication, g\u00e9rer les archives de l&rsquo;association. C&rsquo;est la cheville ouvri\u00e8re de l&rsquo;APEEL.<br><\/p>\n\n\n\n<div class=\"wp-block-buttons is-content-justification-center is-layout-flex wp-block-buttons-is-layout-flex\">\n<div class=\"wp-block-button\"><a class=\"wp-block-button__link\" href=\"https:\/\/www.libertebko.org\/wp-content\/uploads\/2021\/05\/Statuts-APEEL-2012-8-juin-2012.pdf\" target=\"_blank\" rel=\"noreferrer noopener\">Cliquez ici pour t\u00e9l\u00e9charger les statuts de l&rsquo;APEEL.<\/a><\/div>\n<\/div>\n\n\n\n<p><\/p>\n","protected":false},"excerpt":{"rendered":"<p>Pr\u00e9sentation et statut de l\u2019APEEL L&rsquo;\u00c9tablissement Libert\u00e9 de Bamako est conventionn\u00e9 par l&rsquo;\u00c9tat fran\u00e7ais, \u00e0 ce titre il est g\u00e9r\u00e9 par une association de parents d&rsquo;\u00e9l\u00e8ves. Son partenaire principal est l&rsquo;Agence pour l&rsquo;Enseignement Fran\u00e7ais \u00e0 l\u2018\u00c9tranger (AEFE). Il y a trois cat\u00e9gories de personnel au sein de l&rsquo;\u00c9tablissement Libert\u00e9 : les expatri\u00e9s (personnels de direction [&hellip;]<\/p>\n","protected":false},"author":1,"featured_media":0,"parent":0,"menu_order":0,"comment_status":"closed","ping_status":"closed","template":"","meta":{"footnotes":""},"class_list":["post-910","page","type-page","status-publish","hentry"],"_links":{"self":[{"href":"https:\/\/www.libertebko.org\/index.php?rest_route=\/wp\/v2\/pages\/910","targetHints":{"allow":["GET"]}}],"collection":[{"href":"https:\/\/www.libertebko.org\/index.php?rest_route=\/wp\/v2\/pages"}],"about":[{"href":"https:\/\/www.libertebko.org\/index.php?rest_route=\/wp\/v2\/types\/page"}],"author":[{"embeddable":true,"href":"https:\/\/www.libertebko.org\/index.php?rest_route=\/wp\/v2\/users\/1"}],"replies":[{"embeddable":true,"href":"https:\/\/www.libertebko.org\/index.php?rest_route=%2Fwp%2Fv2%2Fcomments&post=910"}],"version-history":[{"count":4,"href":"https:\/\/www.libertebko.org\/index.php?rest_route=\/wp\/v2\/pages\/910\/revisions"}],"predecessor-version":[{"id":1326,"href":"https:\/\/www.libertebko.org\/index.php?rest_route=\/wp\/v2\/pages\/910\/revisions\/1326"}],"wp:attachment":[{"href":"https:\/\/www.libertebko.org\/index.php?rest_route=%2Fwp%2Fv2%2Fmedia&parent=910"}],"curies":[{"name":"wp","href":"https:\/\/api.w.org\/{rel}","templated":true}]}}

<div class="wp-block-image"><figure class="aligncenter size-large"><img loading="lazy" decoding="async" width="313" height="313" src="https://www.libertebko.org/wp-content/uploads/2021/06/logo-APEEL.png" alt="" class="wp-image-1324" srcset="https://www.libertebko.org/wp-content/uploads/2021/06/logo-APEEL.png 313w, https://www.libertebko.org/wp-content/uploads/2021/06/logo-APEEL-300x300.png 300w, https://www.libertebko.org/wp-content/uploads/2021/06/logo-APEEL-150x150.png 150w" sizes="auto, (max-width: 313px) 100vw, 313px" /></figure></div>



<p><strong>Présentation et statut de l’APEEL</strong></p>



<p>L&rsquo;Établissement Liberté de Bamako est conventionné par l&rsquo;État français, à ce titre il est géré par une association de parents d&rsquo;élèves. Son partenaire principal est l&rsquo;Agence pour l&rsquo;Enseignement Français à l‘Étranger (AEFE).<br><br>Il y a trois catégories de personnel au sein de l&rsquo;Établissement Liberté : les expatriés (personnels de direction et enseignants), les résidents (enseignants) et les recrutés locaux. Ces derniers sont gérés par l&rsquo;Association des Parents d&rsquo;Élèves de l&rsquo;Établissement Liberté-APEEL : ils représentent 65% des ressources humaines de l&rsquo;Etablissement : enseignants, personnel administratif, technique, de service, et de santé, personnel d&rsquo;éducation.<br><br>Le rôle de l&rsquo;APEEL consiste à assurer la gestion de l&rsquo;Établissement, à défendre les intérêts moraux et matériels des élèves, à garantir le respect des principes régissant l&rsquo;enseignement public français et la liaison entre les différents partenaires de la vie de l&rsquo;établissement, à promouvoir tout organisme péri scolaire à caractère éducatif, culturel ou sportif.<br><br>Selon les statuts, le bureau est composé de 12 membres bénévoles élus par les parents pour un mandat de 2 ans, renouvelable 2 fois.<br>Le bureau travaille en étroite collaboration avec l&rsquo;équipe de Direction.&nbsp;Le bureau de l&rsquo;APEEL comprend les fonctions suivantes : Président, Vice Président, Trésorier, Trésorier Adjoint, Secrétaire.<br><br>Il est organisé en 4 commissions :<br>• Budget et financement<br>• Investissements et projets<br>• Communication, Sécurité, Hygiène et environnement<br>• Ressources Humaines, Juridique<br><br>Depuis 2007, l&rsquo;APEEL a crée un poste salarié qui lui est propre, celui de secrétaire général : recruté localement par l&rsquo;APEEL, ses missions consistent à prendre en charge la vie juridique de l&rsquo;association, préparer les dossiers relatifs aux diverses réunions, suivre la mise en œuvre des décisions d&rsquo;investissement, gérer les ressources humaines, assurer la communication, gérer les archives de l&rsquo;association. C&rsquo;est la cheville ouvrière de l&rsquo;APEEL.<br></p>



<div class="wp-block-buttons is-content-justification-center is-layout-flex wp-block-buttons-is-layout-flex">
<div class="wp-block-button"><a class="wp-block-button__link" href="https://www.libertebko.org/wp-content/uploads/2021/05/Statuts-APEEL-2012-8-juin-2012.pdf" target="_blank" rel="noreferrer noopener">Cliquez ici pour télécharger les statuts de l&rsquo;APEEL.</a></div>
</div>



<p></p>

<p>Présentation et statut de l’APEEL L&rsquo;Établissement Liberté de Bamako est conventionné par l&rsquo;État français, à ce titre il est géré par une association de parents d&rsquo;élèves. Son partenaire principal est l&rsquo;Agence pour l&rsquo;Enseignement Français à l‘Étranger (AEFE). Il y a trois catégories de personnel au sein de l&rsquo;Établissement Liberté : les expatriés (personnels de direction [&hellip;]</p>
