{"id":899,"date":"2021-05-30T20:57:29","date_gmt":"2021-05-30T18:57:29","guid":{"rendered":"https:\/\/www.libertebko.org\/?page_id=899"},"modified":"2021-06-01T22:26:50","modified_gmt":"2021-06-01T20:26:50","slug":"mot-du-president-de-lapeel","status":"publish","type":"page","link":"https:\/\/www.libertebko.org\/?page_id=899","title":{"rendered":"Mot du pr\u00e9sident de l&rsquo;APEEL"},"content":{"rendered":"\n<div class=\"wp-block-media-text alignwide is-stacked-on-mobile is-image-fill\" style=\"grid-template-columns:45% auto\"><figure class=\"wp-block-media-text__media\" style=\"background-image:url(https:\/\/www.libertebko.org\/wp-content\/uploads\/2021\/06\/PRSDT.png);background-position:50% 50%\"><img loading=\"lazy\" decoding=\"async\" width=\"321\" height=\"354\" src=\"https:\/\/www.libertebko.org\/wp-content\/uploads\/2021\/06\/PRSDT.png\" alt=\"\" class=\"wp-image-1322 size-full\" srcset=\"https:\/\/www.libertebko.org\/wp-content\/uploads\/2021\/06\/PRSDT.png 321w, https:\/\/www.libertebko.org\/wp-content\/uploads\/2021\/06\/PRSDT-272x300.png 272w\" sizes=\"auto, (max-width: 321px) 100vw, 321px\" \/><\/figure><div class=\"wp-block-media-text__content\">\n<p>Le bureau de l\u2019Association des Parents d\u2019El\u00e8ves de l\u2019\u00c9tablissement Libert\u00e9 (APEEL), que je pr\u00e9side est compos\u00e9 de douze parents d\u2019\u00e9l\u00e8ves b\u00e9n\u00e9voles qui donnent de leur temps et de leur comp\u00e9tence pour la gestion quotidienne de l&rsquo;\u00e9tablissement Libert\u00e9 de Bamako.<\/p>\n\n\n\n<p>&nbsp; &nbsp; Je remercie \u00e0 ce titre les parents d\u2019\u00e9l\u00e8ves pour cette marque de confiance ; c\u2019est avec fiert\u00e9, que nous relevons au quotidien, en tant qu\u2019association gestionnaire, le d\u00e9fi de l\u2019administration de notre illustre \u00e9tablissement, fr\u00e9quent\u00e9 par 3 groupes de nationalit\u00e9s : 50 % d\u2019\u00e9l\u00e8ves maliens, 35 % d\u2019\u00e9l\u00e8ves fran\u00e7ais et 15% d\u2019\u00e9l\u00e8ves d\u2019autres nationalit\u00e9s.<\/p>\n\n\n\n<p><\/p>\n<\/div><\/div>\n\n\n\n<p class=\"has-text-align-left\">&nbsp; &nbsp; Au niveau mondial, je me r\u00e9jouis de la bonne collaboration entre l\u2019APEEL et l\u2019AEFE (Agence pour l&rsquo;Enseignement Fran\u00e7ais \u00e0 l&rsquo;\u00e9tranger) via notamment sa direction de la Zone Afrique de l\u2019Ouest. Toujours au niveau mondial, l\u2019APEEL est affili\u00e9e \u00e0 la FAPEE (F\u00e9d\u00e9ration des Associations de Parents d&rsquo;\u00c9l\u00e8ves des \u00c9tablissements d&rsquo;Enseignement Fran\u00e7ais \u00e0 l&rsquo;Etranger), et son Pr\u00e9sident nous a fait l\u2019honneur de visiter notre \u00e9tablissement lors de son passage \u00e0 Bamako en novembre 2019.<br><br>L\u2019APEEL entretient des relations \u00e9troites avec l\u2019Ambassade de France au Mali et notamment du point de vue p\u00e9dagogique avec les Services de Coop\u00e9ration et d\u2019Action Culturelle (SCAC). Le Consulat de France est \u00e9galement notre partenaire privil\u00e9gi\u00e9 notamment en ce qui concerne la s\u00e9curit\u00e9 des personnes et des biens mais aussi pour l\u2019attribution d\u2019aides \u00e0 la scolarit\u00e9 pour certaines familles fran\u00e7aises.<br><br>La coop\u00e9ration avec le Minist\u00e8re de l\u2019\u00c9ducation Nationale du Mali, qui est membre du Conseil d\u2019Administration de l\u2019APEEL, a pris cette ann\u00e9e une ampleur sp\u00e9cifique avec la d\u00e9cision de fermeture des \u00e9tablissements scolaires suite \u00e0 la pand\u00e9mie du COVID-19.<br><br>Enfin, l\u2019APEEL entretient des relations de partenariat avec les 3 autres \u00e9tablissements du r\u00e9seau AEFE de Bamako \u00e0 savoir&nbsp;<strong><em>\u00ab les Lutins \u00bb<\/em><\/strong>,&nbsp;<strong><em>\u00ab les Angelots \u00bb&nbsp;<\/em><\/strong>et plus r\u00e9cemment&nbsp;<strong><em>\u00ab les \u00c9crivains \u00bb<\/em><\/strong>. Par ailleurs, l\u2019APEEL si\u00e8ge \u00e0 la commission d\u2019affectation pr\u00e9sid\u00e9e par l\u2019Ambassade de France et au conseil consulaire des bourses scolaires organis\u00e9 par le Consulat de France au Mali.<br><br>A l\u2019initiative de l\u2019APEEL, un r\u00e9seau de concertation entre les 4 Associations de parents d\u2019\u00e9l\u00e8ves des \u00e9tablissements du r\u00e9seau AEFE de Bamako a \u00e9t\u00e9 mis en place cette ann\u00e9e.<br><br><strong>&#8211; Notre \u00e9tablissement affiche un taux de r\u00e9ussite honorable au Baccalaur\u00e9at et au Dipl\u00f4me national du Brevet :<\/strong><br>&#8211; En 2018 : plus de 84% de r\u00e9ussite au Bac dont plus de la moiti\u00e9 avec mention. Plus de 80% de r\u00e9ussite au DNB<br>&#8211; En 2019 : plus de 90% de r\u00e9ussite au Bac dont plus de la moiti\u00e9 avec mention. Plus de 84% de r\u00e9ussite au DNB<br>&#8211; En 2020 : plus de 98% de r\u00e9ussite au Bac dont presque 72% avec mention. Plus de 87% de r\u00e9ussite au DNB<br><br><strong>Notre \u00e9tablissement b\u00e9n\u00e9ficie d\u2019une demande de scolarisation en augmentation, mais limit\u00e9e par nos capacit\u00e9s d\u2019accueil des \u00e9l\u00e8ves.<\/strong><br><br>Le nombre d\u2019\u00e9l\u00e8ves de l\u2019\u00e9tablissement est en l\u00e9g\u00e8re augmentation bien que la demande soit forte. Nous ne pouvons la satisfaire en totalit\u00e9 au regard de la capacit\u00e9 d\u2019accueil de l\u2019\u00e9tablissement et des contraintes qui s\u2019imposent \u00e0 nous.<br><br>En effet, compte tenu du contexte de r\u00e9duction budg\u00e9taire de l\u2019AEFE, coupl\u00e9 \u00e0 des mesures de s\u00e9curit\u00e9 sp\u00e9cifiques applicables au Mali (Pays du G5 Sahel), l\u2019attractivit\u00e9 du lyc\u00e9e pour certaines cat\u00e9gories de la communaut\u00e9 \u00e9ducative se pose avec acuit\u00e9 ce qui induit un manque de formateurs et des postes non pourvus. De ce point de vue l\u2019APEEL, conform\u00e9ment aux attentes des parents d\u2019\u00e9l\u00e8ves, entend privil\u00e9gier et maintenir un enseignement de qualit\u00e9 dans l\u2019\u00e9tablissement.<br><br><strong>Notre \u00e9tablissement a limit\u00e9 cette ann\u00e9e l\u2019augmentation des frais de scolarit\u00e9 \u00e0 1%.<\/strong><br><br>Suite \u00e0 une forte demande des parents d\u2019\u00e9l\u00e8ves tendant \u00e0 acter une pause pour ce qui concerne l\u2019augmentation des frais d\u2019\u00e9colage, l\u2019APEEL a d\u00e9fendu et obtenu la limitation des frais de scolarit\u00e9 \u00e0 1% soit \u00e0 un niveau bien en de\u00e7\u00e0 du taux d\u2019inflation.<br><br>Les membres du bureau continuent de se mobiliser pour le recouvrement des frais d\u2019\u00e9colage qui restent les seules ressources p\u00e9rennes de l\u2019\u00e9tablissement. La faiblesse du taux de recouvrement et l\u2019absence de visibilit\u00e9 sur les encaissements futurs sont \u00e0 l\u2019origine des difficult\u00e9s de pouvoir faire un geste financier \u00e0 l\u2019endroit des parents d\u2019\u00e9l\u00e8ves en cette p\u00e9riode de fin du 3eme trimestre.<br><strong>Notre \u00e9tablissement b\u00e9n\u00e9ficie d\u2019un plateau technique et sportif moderne.<\/strong><br><br>Pour le plus grand bonheur de nos \u00e9l\u00e8ves et des \u00e9quipes p\u00e9dagogiques, la livraison du nouveau b\u00e2timent et du plateau sportif d\u2019un montant initial de 1 milliard et 171 millions de FCFA, lanc\u00e9 il y a quelques ann\u00e9es, est achev\u00e9e. Le plateau sportif est fonctionnel et le b\u00e2timent de sciences, pour lequel des travaux additionnels sont en cours, devrait l\u2019\u00eatre en septembre 2020. Le march\u00e9 des \u00e9quipements est lanc\u00e9.<br>Par ailleurs, un plan d\u2019investissement et de maintenance a \u00e9t\u00e9 retenu d\u2019un commun accord avec la direction en concertation avec la communaut\u00e9 \u00e9ducative. La r\u00e9novation de tous nos b\u00e2timents vieillissants ainsi que le renouvellement progressif et permanent des outils et mat\u00e9riels de travail est pr\u00e9vu.<br><br><strong>Notre \u00e9tablissement b\u00e9n\u00e9ficie de condition de travail et de dialogue social renforc\u00e9s.<\/strong><br>D\u00e8s sa mise en place, le nouveau bureau de l\u2019APEEL s\u2019est engag\u00e9 \u00e0 atteindre un certain nombre d\u2019objectifs. Tout d\u2019abord une communication et des \u00e9changes fructueux ont \u00e9t\u00e9 entam\u00e9s avec la communaut\u00e9 \u00e9ducative. Nous avons ainsi pu travailler de fa\u00e7on sereine et apais\u00e9e sur des sujets d\u2019int\u00e9r\u00eat g\u00e9n\u00e9ral notamment l\u2019\u00e9lection des d\u00e9l\u00e9gu\u00e9s du personnel et d\u2019autres sujets communs tels que l\u2019hygi\u00e8ne, la sant\u00e9 et les soins infirmiers, la restauration pour une qualit\u00e9 de vie de nos enfants au sein de l\u2019\u00e9tablissement Libert\u00e9. La fermeture de l\u2019\u00e9tablissement par les autorit\u00e9s maliennes suite au COVID-19 a aussi consid\u00e9rablement ralenti l\u2019atteinte des objectifs notamment pour la finalisation de la relecture du manuel de proc\u00e9dures, l\u2019\u00e9lection des d\u00e9l\u00e9gu\u00e9s du personnel, la mise en place d\u2019un syst\u00e8me d\u2019achat de biens et services efficients et surtout l\u2019am\u00e9lioration des taux de recouvrement des frais d\u2019\u00e9colages. Ainsi, force est de constater que les attentes restent \u00e9normes dans ces domaines. Ces diff\u00e9rents volets constitueront nos priorit\u00e9s de l\u2019ann\u00e9e prochaine.<br><br><strong>Remerciements<\/strong><br>Nous ne saurions terminer sans remercier :<br>&#8211; M.&nbsp;<strong><em>Fran\u00e7ois GARANDEL<\/em><\/strong>&nbsp;qui a \u00e9t\u00e9, pendant 4 ans, le Proviseur de l&rsquo;\u00e9tablissement, il est rentr\u00e9 en France. Nous lui souhaitons le meilleur pour cette fin de carri\u00e8re riche et vari\u00e9e dont il nous a fait b\u00e9n\u00e9ficier.<br>&#8211; Mme&nbsp;<strong><em>Fran\u00e7oise GIANVITI<\/em><\/strong>, qui a \u00e9t\u00e9 la Conseill\u00e8re de Coop\u00e9ration et d\u2019Action Culturelle (COCAC) responsable du SCAC aupr\u00e8s de l&rsquo;ambassade de France et directrice de l&rsquo;institut fran\u00e7ais du Mali, elle quitte le Mali apr\u00e8s avoir contribu\u00e9 et men\u00e9 des actions tr\u00e8s b\u00e9n\u00e9fiques pour notre pays.<br><br>Nous accueillons Mme Maryline ALBANO, notre nouvelle Proviseure de l&rsquo;\u00e9tablissement en lui souhaitant la bienvenue \u00e0 Bamako.<br><br><strong>Nous voudrions faire le v\u0153u que l&rsquo;ann\u00e9e scolaire 2020-2021 se d\u00e9roule sans COVID-19 dans un environnement apais\u00e9 pour le bonheur de nos enfants.<\/strong><br><\/p>\n\n\n\n<p class=\"has-text-align-right\">Mamadou SANGARE<br>Pr\u00e9sident APEEL<\/p>\n","protected":false},"excerpt":{"rendered":"<p>Le bureau de l\u2019Association des Parents d\u2019El\u00e8ves de l\u2019\u00c9tablissement Libert\u00e9 (APEEL), que je pr\u00e9side est compos\u00e9 de douze parents d\u2019\u00e9l\u00e8ves b\u00e9n\u00e9voles qui donnent de leur temps et de leur comp\u00e9tence pour la gestion quotidienne de l&rsquo;\u00e9tablissement Libert\u00e9 de Bamako. &nbsp; &nbsp; Je remercie \u00e0 ce titre les parents d\u2019\u00e9l\u00e8ves pour cette marque de confiance ; [&hellip;]<\/p>\n","protected":false},"author":1,"featured_media":0,"parent":0,"menu_order":0,"comment_status":"closed","ping_status":"closed","template":"","meta":{"footnotes":""},"class_list":["post-899","page","type-page","status-publish","hentry"],"_links":{"self":[{"href":"https:\/\/www.libertebko.org\/index.php?rest_route=\/wp\/v2\/pages\/899","targetHints":{"allow":["GET"]}}],"collection":[{"href":"https:\/\/www.libertebko.org\/index.php?rest_route=\/wp\/v2\/pages"}],"about":[{"href":"https:\/\/www.libertebko.org\/index.php?rest_route=\/wp\/v2\/types\/page"}],"author":[{"embeddable":true,"href":"https:\/\/www.libertebko.org\/index.php?rest_route=\/wp\/v2\/users\/1"}],"replies":[{"embeddable":true,"href":"https:\/\/www.libertebko.org\/index.php?rest_route=%2Fwp%2Fv2%2Fcomments&post=899"}],"version-history":[{"count":5,"href":"https:\/\/www.libertebko.org\/index.php?rest_route=\/wp\/v2\/pages\/899\/revisions"}],"predecessor-version":[{"id":1323,"href":"https:\/\/www.libertebko.org\/index.php?rest_route=\/wp\/v2\/pages\/899\/revisions\/1323"}],"wp:attachment":[{"href":"https:\/\/www.libertebko.org\/index.php?rest_route=%2Fwp%2Fv2%2Fmedia&parent=899"}],"curies":[{"name":"wp","href":"https:\/\/api.w.org\/{rel}","templated":true}]}}